 + 2*r - 8. Let a = -18 + 39. Calculate the remainder when 261/a + 6/(-14) is divided by d.
5
Suppose -6*r + 32 = -2*r. Suppose -5*n = -r*n. Suppose -3*y + 5*o = -n*o - 30, -o = 5*y - 50. What is the remainder when 28 is divided by y?
8
What is the remainder when (-1*(1 + 0))/((-108)/6480) is divided by 40?
20
Let v be ((-2 - -5) + 0)/(-1). Let n = v + 18. Suppose -5*z + 46 = t - n, 0 = -z + t + 17. What is the remainder when 25 is divided by z?
12
Let g be -7*(0 - (-3)/(-7)). Suppose j = 4, 2*u - 28 - 8 = -2*j. What is the remainder when (-696)/(-32) - g/(-12) is divided by u?
8
Let t be ((-6)/(-10))/(1/(-15)). Let a = t - -20. What is the remainder when (-4)/14 + 1937/91 is divided by a?
10
Let y = 103 - 83. What is the remainder when y is divided by 11?
9
Let y = 21 + 121. Calculate the remainder when y is divided by 30.
22
Let v = 41 + -9. Let t = v + -20. Let w = 12 + 9. What is the remainder when w is divided by t?
9
Suppose -2*x = -0*x - 14. Let l be (14/49)/(1/x). Suppose l*a = 7 + 53. Calculate the remainder when a is divided by 11.
8
Let m(c) = 8*c**2 - 4*c + 2. Let r = -460 + 511. What is the remainder when r is divided by m(2)?
25
Calculate the remainder when 33 is divided by (-42)/28*(-256)/12.
1
Suppose 3*z - 6*l = -2*l + 3, -2*z + 5*l = 5. Suppose 2*c + 57 = z*c. What is the remainder when c is divided by (-4)/(-16)*88/(-6)*-3?
8
Calculate the remainder when (-91944)/(-1080) + 4/(-30) is divided by 39.
7
Suppose -z + 18 = 4*b, 5*b - 39 = -3*z + 36. What is the remainder when z is divided by 9?
3
Suppose 588 = 37*n - 1484. Calculate the remainder when n is divided by 8.
0
Suppose -2 + 6 = -4*c. Let s(i) = -89*i + 1. What is the remainder when s(c) is divided by 24?
18
Let d be (-15)/(-2)*8/(-12). Let h = d - -9. What is the remainder when 143/2 + (-2)/h is divided by 24?
23
Let i = 6 - 3. Let w(x) = 2 + 0 - i + x + 0*x. Calculate the remainder when 13 is divided by w(6).
3
Let d = 70 - 41. What is the remainder when (-8)/(-28) + 789/7 is divided by d?
26
Suppose 0 = -6*q - 0*q + 294. Let k = q - 41. What is the remainder when 14 is divided by k?
6
Let b = 28 + -8. Let f(u) = -u**3 + 25*u**2 - 148*u - 8. What is the remainder when b is divided by f(10)?
8
Let p(s) be the third derivative of -s**5/6 + s**3/6 + 3*s**2. Let u be p(-1). What is the remainder when 114 is divided by ((-9)/6)/(u/174)?
27
Let t = 1891 + -1730. What is the remainder when t is divided by 74?
13
Let r(v) = -v**2 + 4*v + 1. Suppose -2*d = -4*d - 2. Let t(p) = 4*p**2 - 1. Let m be t(d). What is the remainder when 14 is divided by r(m)?
2
Let y(z) = -z + 8. Suppose 44 = -8*a + 6*a. Let m = -17 - a. What is the remainder when 9 is divided by y(m)?
0
Let d = 19 + -17. Suppose -d = -a + 6. Let m = 15 + a. Calculate the remainder when m is divided by 6.
5
Suppose -8*s + 3*s + 20 = 5*r, -3*s = 5*r - 20. Calculate the remainder when 61 is divided by r.
1
Let t = 54 - 17. What is the remainder when 34 is divided by (6/15)/(-1) - t/(-5)?
6
Suppose 3*u - 147 = 186. Let q = -93 + u. What is the remainder when 70 is divided by q?
16
Let j = -17 - -12. Let s = j - -11. What is the remainder when 10 - (-2)/(s/9) is divided by 4?
1
Let h be 1*16/4 + 4. Suppose -5*i = -h - 12. Calculate the remainder when 7 is divided by i.
3
Suppose -5*s + 17 = 3*m, -6*s = -5*s + 4*m. Suppose -5*n + 5 = 5*y, -s*y - 4*n = -2*y. Suppose -y*b + b = -53. Calculate the remainder when b is divided by 14.
11
Let i be (1 + 2)/(-3) - 2. Calculate the remainder when (-52)/(-65) + 903/15 is divided by 4/((i/4)/(-3)).
13
What is the remainder when 115 is divided by ((-1260)/245)/((-2)/7)?
7
Suppose -539 = -0*g - 11*g. What is the remainder when 185 is divided by g?
38
Let d(r) = -r + 11. Let q(y) = y**2 + 19*y - 10. Let p be q(-19). What is the remainder when 60 is divided by d(p)?
18
Let z be 274/12 - 18/(-108). Suppose z = -s + 37. Suppose -6*c + c + 20 = 0. What is the remainder when s is divided by c?
2
Suppose -6 = 2*k - 18. Suppose -k*t + 5*t = -46. Calculate the remainder when t is divided by 17.
12
Let v(d) = -89*d - 1. Let s be v(1). Let t = -836 + 812. Let y = t - s. Calculate the remainder when y is divided by 17.
15
Suppose 8*p - 6*p = 10. Suppose 2*z - 4*d = 42, -2*z = -p*z - 4*d + 13. Calculate the remainder when 28 is divided by z.
6
Let x(b) = -2*b - 7. Let s = -25 + 15. Let r = 29 + -4. What is the remainder when r is divided by x(s)?
12
Suppose 3*n - 2*i - 157 = -44, 2*n + 2*i = 62. Let u = -25 - -38. What is the remainder when n is divided by u?
9
Let g(i) = i**3 + 13*i**2 - 15*i - 7. Suppose 137 - 7 = 5*o. Suppose -u = u - o. What is the remainder when u is divided by g(-14)?
6
Let u be ((-3 + 1)/2)/1. Let h be -1 + u - (-52)/(-4). What is the remainder when 47 is divided by (-5)/h - (-105)/9?
11
Let g(c) = -6*c**2 - 76*c - 16. What is the remainder when g(-11) is divided by 57?
37
Let s = 1 - -126. What is the remainder when s is divided by 29?
11
Let w(a) = a**3 + a**2 - 2*a. Let l be w(-3). Calculate the remainder when ((-9)/l)/(3 + 22/(-8)) is divided by 3.
0
Suppose -5*v + 8 = p, -v - 6 = p - 3*v. Let w = p + 62. What is the remainder when 357 is divided by w?
57
Let x = -49 - -51. Suppose 5*l - 2*z = -7*z + 60, -x*z + 14 = l. Calculate the remainder when 17 is divided by l.
7
Let s(f) = f**3 + 7*f**2 + 4*f + 3. What is the remainder when s(-5) is divided by 156/12 - (3 + (4 - 1))?
5
Suppose 0*c + 3*c = l + 1, c - 4*l - 15 = 0. Calculate the remainder when (-72)/(c + (-2 - -2)) is divided by 15.
12
Suppose 2*u + 11 = t, -t + 22 = 4*u - 1. Suppose 11 = 3*j - v, 0 = -5*j + v + 18 - 1. Suppose 24 = j*i + i. Calculate the remainder when t is divided by i.
3
Let d(o) = -o + 19. Suppose 41 = 3*c - z, -c - 5*z - 1 = 12. Let a(g) = g**2 + 6*g + 5. What is the remainder when d(c) is divided by a(-6)?
2
Suppose 5*i + 2*j + 1 = -24, 20 = -4*j. Let c(n) = -5*n + 3. What is the remainder when c(-3) is divided by (i - (-8)/12)*-3?
4
Let l(g) = -2*g - 25. Calculate the remainder when 249 is divided by l(-20).
9
Suppose 3*n = 5*p - 404, 123 = p + 3*n + 35. What is the remainder when 215 is divided by p?
51
Let h(a) = -a**3 - 22*a**2 - 25*a - 15. Calculate the remainder when h(-21) is divided by 24.
21
Let y(o) = -o**2 + o + 1. Let q(n) = -2*n**2 - 27*n - 18. Let f(b) = -q(b) - 2*y(b). What is the remainder when f(-9) is divided by 60?
55
Let g = -423 - -438. What is the remainder when 882 is divided by g?
12
Suppose 0 = -3*i + 46 - 1. Calculate the remainder when 41 is divided by i.
11
Let s = -526 - -825. Calculate the remainder when s is divided by 16.
11
Calculate the remainder when 107 is divided by (9/12)/((-3)/(-48) - 0).
11
Let g = 33 - 31. Suppose s - 5*i = 4*s - 98, -g*s = -i - 48. Calculate the remainder when s is divided by 15.
11
Suppose 103 - 530 = -7*d. Let b = -31 - -34. Suppose 0 = 2*j - b*y - 42, 3*y = 3*j + 6*y - 63. Calculate the remainder when d is divided by j.
19
Let g = 6 - 6. Suppose g = 2*u + 16 - 54. Suppose 7*o = 3*o + 16. What is the remainder when u is divided by o?
3
Let j = -25 + 19. Calculate the remainder when 25 is divided by -2*((-135)/j)/(-5).
7
What is the remainder when 48 is divided by ((-90)/9)/10*(-12 - 1)?
9
Let g = 15 - 21. Let y(x) = -x**2 - 7*x - 3. Let s be y(g). Suppose 18 = s*i - 9. Calculate the remainder when 26 is divided by i.
8
Suppose -10 = -5*a - 2*w, -a - 2*w + 6 - 4 = 0. Let m(o) = -o**2 - 5*o + 16. Suppose k = -3*k - 28. What is the remainder when m(k) is divided by a?
0
Let z(c) = -c**2 - 20*c + 43. Let o be z(-22). Let y = 3 + 0. What is the remainder when -4 - -6 - (1 - 3) - o is divided by y?
2
Suppose 141*d - 135*d = 366. Calculate the remainder when 302 is divided by d.
58
Let u be (0 - -1)*32/(-8)*-1. Suppose b = -3*d + 34, -u*b + 36 = -6*d + 8*d. Calculate the remainder when 47 is divided by d.
7
Let x(a) be the first derivative of a**2/2 + 28*a + 6. Calculate the remainder when 77 is divided by x(-15).
12
Suppose 4*i - 5*z = 60, -4*i = -3*z - 31 - 21. Suppose -9*a + 184 = -59. What is the remainder when a is divided by i?
7
Suppose 241*j + 90 = 251*j. What is the remainder when 167 is divided by j?
5
Let y(d) = -5*d - 27. Let f be y(5). Calculate the remainder when 14 is divided by -2 + (-528)/f - (-2)/(-13).
6
Suppose -88 